1221
What is 715 (base 10) in base 7?
2041
-1365 (base 8) to base 7
-2131
Convert 239 (base 15) to base 4.
13320
10199 (base 10) to base 5
311244
What is -8400 (base 9) in base 10?
-6156
What is 3604 (base 11) in base 13?
21c4
-3323312 (base 4) to base 7
-64664
6485 (base 9) to base 3
20112212
Convert -1022210 (base 3) to base 5.
-12331
-145 (base 12) to base 5
-1242
10365 (base 9) to base 16
1acf
1dd (base 14) to base 3
112111
Convert -3056 (base 9) to base 12.
-1366
Convert -635 (base 13) to base 3.
-1110012
Convert -33306 (base 7) to base 8.
-20301
-1101010 (base 3) to base 4
-33222
10523 (base 9) to base 15
210c
-841 (base 10) to base 4
-31021
Convert -10011100011 (base 2) to base 13.
-753
Convert 131312 (base 4) to base 8.
3566
-1326 (base 8) to base 10
-726
What is 505422 (base 6) in base 4?
21302312
Convert 2031113 (base 4) to base 14.
3423
Convert -102 (base 3) to base 7.
-14
Convert 4306 (base 8) to base 5.
32441
907 (base 14) to base 13
a63
What is -230320 (base 4) in base 9?
-3841
What is -886 (base 9) in base 11?
-600
Convert -266 (base 7) to base 2.
-10010010
What is -a4b9 (base 13) in base 6?
-253314
355 (base 6) to base 10
143
Convert -1010100100110110 (base 2) to base 15.
-cc7d
Convert -430132 (base 5) to base 2.
-11100001010001
Convert -9 (base 14) to base 6.
-13
-1a09 (base 11) to base 5
-40200
What is -572d (base 14) in base 9?
-22674
Convert -89 (base 11) to base 12.
-81
What is 194 (base 13) in base 14?
16a
-16570 (base 8) to base 6
-54532
Convert -1011 (base 6) to base 14.
-11d
What is 165424 (base 7) in base 16?
8176
Convert 13231 (base 6) to base 4.
133303
Convert 1001011 (base 2) to base 6.
203
What is 212a9 (base 11) in base 8?
74376
What is -1872 (base 10) in base 16?
-750
What is 22504 (base 6) in base 16?
c88
42211 (base 7) to base 13
4969
What is -10312 (base 5) in base 9?
-865
-110000001100101 (base 2) to base 3
-1020211222
What is -101012 (base 5) in base 10?
-3257
512 (base 6) to base 4
2330
-3582 (base 9) to base 6
-20202
-11532 (base 9) to base 14
-2b5a
3401 (base 9) to base 5
40022
Convert -45320 (base 8) to base 10.
-19152
94 (base 16) to base 2
10010100
Convert 52234 (base 11) to base 8.
224562
-1069 (base 13) to base 14
-b92
1000011000111110 (base 2) to base 14
c74a
Convert 34430 (base 7) to base 11.
6673
224260 (base 7) to base 3
2000202211
Convert -71 (base 13) to base 4.
-1130
Convert -9332 (base 12) to base 13.
-73a6
-640 (base 10) to base 15
-2ca
What is 21010112 (base 3) in base 15?
1818
4605 (base 8) to base 5
34222
What is -513 (base 8) in base 14?
-199
Convert -4558 (base 12) to base 9.
-11505
10630 (base 9) to base 4
1232202
Convert -16046 (base 9) to base 5.
-322402
-12603 (base 13) to base 3
-1201121020
What is 1000101011010 (base 2) in base 11?
3379
What is 1a632 (base 12) in base 5?
2221133
What is 28b89 (base 13) in base 14?
1dd26
Convert -7628 (base 13) to base 3.
-211112102
143d (base 14) to base 6
24331
5421 (base 7) to base 14
9b8
What is 43141 (base 5) in base 15?
ceb
2aa45 (base 12) to base 9
101568
6260 (base 7) to base 11
1719
Convert -328 (base 10) to base 11.
-279
Convert -1547 (base 15) to base 8.
-10727
Convert -32 (base 16) to base 15.
-35
20001 (base 4) to base 12
369
What is -573 (base 16) in base 13?
-834
Convert -15446 (base 7) to base 13.
-1c94
What is 2111202 (base 3) in base 5?
24304
What is 3233 (base 4) in base 10?
239
What is 2102121 (base 3) in base 16?
6eb
What is -23333 (base 5) in base 6?
-11542
-100031 (base 7) to base 4
-10012331
Convert 6125 (base 12) to base 7.
42506
Convert -11132122 (base 4) to base 10.
-22426
Convert 232 (base 12) to base 6.
1302
Convert -100100000111 (base 2) to base 10.
-2311
What is 12a4 (base 13) in base 8?
5155
Convert -1143 (base 5) to base 10.
-173
6cb (base 14) to base 8
2513
What is 111100122 (base 3) in base 7?
40250
What is 140043 (base 5) in base 8?
13020
What is 3414 (base 5) in base 4?
13210
What is 14103 (base 6) in base 9?
3013
What is -1000230 (base 4) in base 9?
-5610
2404 (base 6) to base 9
714
-303 (base 10) to base 11
-256
Convert -24743 (base 10) to base 9.
-36842
What is 1325 (base 9) in base 12?
6ab
Convert -11111000001111 (base 2) to base 9.
-23712
-1125 (base 6) to base 12
-1a5
1794 (base 11) to base 8
4351
Convert 5550 (base 10) to base 15.
19a0
-378 (base 16) to base 14
-476
What is -11000001 (base 4) in base 5?
-1123411
What is -886 (base 12) in base 10?
-1254
Convert 862 (base 9) to base 7.
2024
Convert 5171 (base 10) to base 2.
1010000110011
What is 527 (base 9) in base 6?
1554
Convert 67 (base 16) to base 8.
147
-6b2 (base 13) to base 5
-14114
What is 156 (base 8) in base 16?
6e
What is -12483 (base 9) in base 5?
-232133
10313 (base 5) to base 16
2c4
What is 661 (base 15) in base 11?
10a0
Convert -1462 (base 11) to base 9.
-2522
Convert 3652 (base 15) to base 11.
8752
Convert -17731 (base 8) to base 6.
-101425
What is d464 (base 14) in base 9?
55114
What is -a267 (base 15) in base 6?
-422441
Convert -100100110101 (base 2) to base 14.
-c05
Convert -19db (base 14) to base 9.
-6403
Convert -216 (base 7) to base 14.
-7d
What is -763 (base 9) in base 6?
-2520
What is 1880 (base 14) in base 5?
120144
-444 (base 9) to base 13
-220
37fa (base 16) to base 9
21582
Convert -6d (base 16) to base 12.
-91
Convert -1111212 (base 3) to base 14.
-58b
-29ff (base 16) to base 5
-321001
-884 (base 13) to base 9
-2002
Convert 236 (base 14) to base 4.
12320
What is 110111000010100 (base 2) in base 10?
28180
What is 100101100 (base 2) in base 3?
102010
-222120001 (base 3) to base 6
-225344
-100000 (base 3) to base 4
-3303
Convert 11a4 (base 12) to base 14.
a28
Convert 10296 (base 15) to base 5.
3114331
Convert 486 (base 12) to base 6.
3050
4a173 (base 11) to base 5
4301300
What is 959 (base 13) in base 4?
120323
-1012120 (base 3) to base 2
-1101101111
Convert 2c58 (base 14) to base 2.
1111011101110
What is 927 (base 10) in base 15?
41c
Convert 1ab (base 16) to base 4.
12223
1163 (base 7) to base 9
535
What is 306245 (base 7) in base 13?
1ac3c
Convert -12489 (base 16) to base 4.
-102102021
What is 43723 (base 11) in base 10?
63429
Convert 5a11 (base 13) to base 6.
134425
What is 1882 (base 13) in base 14?
1491
-3110 (base 5) to base 15
-1c0
Convert 1321 (base 7) to base 14.
281
What is c2 (base 15) in base 8?
266
Convert 5a4 (base 12) to base 7.
2314
-44333 (base 7) to base 12
-654b
9989 (base 10) to base 7
41060
Convert 412166 (base 7) to base 16.
1130c
What is -4558 (base 9) in base 7?
-12560
Convert 45c0 (base 13) to base 3.
111102120
Convert 1012 (base 8) to base 3.
201100
What is -213233 (base 4) in base 5?
-40133
Convert -8056 (base 9) to base 8.
-13373
638 (base 12) to base 6
4112
Convert 43725 (base 8) to base 12.
a785
Convert 1000010100 (base 2) to base 4.
20110
Convert -1110000011110101 (base 2) to base 6.
-1122341
Convert -144223 (base 5) to base 2.
-1100000101100
cc2 (base 14) to base 10
2522
Convert ce2 (base 15) to base 14.
10c0
-49a (base 12) to base 7
-2011
Convert -49a (base 15) to base 8.
-2025
Convert 10101000100 (base 2) to base 9.
1757
Convert 3358 (base 11) to base 7.
15612
232 (base 15) to base 14
277
483e (base 15) to base 3
210001212
-1011001 (base 2) to base 3
-10022
Convert 10233 (base 5) to base 2.
1010110101
Convert 90 (base 16) to base 8.
220
-19001 (base 13) to base 2
-1011110011001111
-15461 (base 9) to base 10
-10585
Convert -40221 (base 5) to base 10.
-2561
-dd (base 14) to base 4
-3003
-214 (base 9) to base 7
-340
What is -a7 (base 16) in base 12?
-11b
Convert 1011101000 (base 2) to base 11.
617
What is 66b (base 15) in base 16?
5ab
What is 6838 (base 9) in base 10?
5057
What is 1001000110001000 (base 2) in base 9?
56085
-21302 (base 6) to base 15
-ce8
What is 19122 (base 10) in base 16?
4ab2
-1112120 (base 3) to base 4
-101202
Convert -4040 (base 7) to base 2.
-10101111000
3a72 (base 12) to base 5
203320
Convert -37 (base 12) to base 16.
-2b
-1da (base 15) to base 13
-271
Convert -1aa49 (base 11) to base 4.
-13020132
-5857 (base 13) to base 9
-18017
What is 2103120 (base 4) in base 14?
361a
Convert 1640 (base 7) to base 4.
22121
Convert -12210 (base 5) to base 6.
-4150
Convert 4a00 (base 14) to base 16.
3288
What is -359c (base 14) in base 2?
-10010010000110
Convert -2350 (base 7) to base 4.
